= 109*t + 959. Calculate l(-9).
-22
Let t(z) = 2*z**2 + 75*z + 749. Determine t(-21).
56
Let o(l) = l**3 - 75*l**2 - 568*l - 501. Determine o(82).
-9
Let j(u) = -u**3 - 26*u**2 + 52*u + 1368. Calculate j(-26).
16
Let s(d) = -2*d**2 - 40*d - 168. Determine s(-6).
0
Let b(q) = 89*q - 983. Determine b(11).
-4
Let w(d) = d**3 + 31*d**2 - 18*d - 650. Determine w(-31).
-92
Let s(r) = -3*r**2 - 59*r - 305. What is s(-9)?
-17
Let t(i) = -17*i - 380. What is t(-23)?
11
Let n(v) = -v**3 + 21*v**2 + 23*v - 93. Calculate n(21).
390
Let c(u) = u**3 + 85*u**2 + 241*u - 432. Calculate c(-82).
-22
Let j(k) = 3007*k + 15044. Determine j(-5).
9
Let b(u) = 2*u**3 - 10*u**2 + 52*u - 80. Give b(2).
0
Let l(k) = 133*k + 19943. Calculate l(-150).
-7
Let f(b) = -397*b - 1185. What is f(-3)?
6
Let f(q) = -4*q**3 + 48*q**2 + 17*q - 7. What is f(12)?
197
Let f(i) = 34*i + 126. Give f(-2).
58
Let a(h) = -157*h - 2638. What is a(-18)?
188
Let b(o) = -o**3 + 67*o**2 - 521*o - 57. What is b(58)?
1
Let s(f) = f**2 - 23*f + 95. Determine s(5).
5
Let b(o) = 2110*o - 10550. Determine b(5).
0
Let s(t) = 5*t**2 + 32*t + 6. Calculate s(-5).
-29
Let q(t) = t**3 + 15*t**2 - 18*t - 34. Determine q(-16).
-2
Let c(o) = o**2 - 3*o - 1182. Determine c(37).
76
Let y(c) = c**3 + 32*c**2 - 8*c - 2765. What is y(-29)?
-10
Let b(g) = 69*g + 3789. What is b(-55)?
-6
Let d(c) = -3*c**3 - 4*c**2 + 23*c + 11. Give d(-4).
47
Let u(m) = -m**3 + 15*m**2 - 13*m - 223. Determine u(12).
53
Let q(h) = -129*h + 2320. Determine q(18).
-2
Let d(x) = 2*x**2 - 31*x - 374. What is d(-8)?
2
Let u(b) = b**3 + 8*b**2 + 14*b - 18. Calculate u(-7).
-67
Let r(v) = v**3 - 9*v**2 - 61*v + 295. Determine r(12).
-5
Let a(m) = m**2 + 280*m + 2217. Calculate a(-8).
41
Let n(i) = 271*i**3 - 5*i + 5. Calculate n(1).
271
Let b(i) = -5*i**2 + 54*i - 184. Give b(9).
-103
Let i(c) = 18*c - 208. Give i(6).
-100
Let l(v) = 2003*v - 72086. Calculate l(36).
22
Let p(z) = z**2 - 33*z - 1140. What is p(-21)?
-6
Let r(l) = -62*l + 319. Give r(-5).
629
Let a(u) = 3*u**2 + 59*u - 258. Calculate a(4).
26
Let s(m) = -287*m + 209. Determine s(0).
209
Let q(b) = b**3 + 39*b**2 - b - 119. Determine q(-39).
-80
Let x(g) = 24*g**2 - 47*g + 86. What is x(3)?
161
Let p(n) = 464*n + 2168. Give p(-6).
-616
Let u(s) = 145*s + 33. Give u(-1).
-112
Let v(w) = -236*w - 2646. What is v(-11)?
-50
Let o(v) = -20*v**2 + 153*v - 305. Give o(2).
-79
Let x(n) = -n**2 - 3*n + 661. Calculate x(-27).
13
Let q(x) = 363*x - 1810. Give q(5).
5
Let z(q) = 5*q**2 + 48*q - 87. Give z(-11).
-10
Let x(u) = 69*u - 143. Determine x(2).
-5
Let m(d) = -d**2 - 34*d - 208. Determine m(-23).
45
Let j(o) = o**3 - 13*o**2 + o - 22. Determine j(9).
-337
Let m(z) = -z**2 + 121*z + 1039. What is m(-8)?
7
Let c(u) = 16*u**2 + 60*u - 219. Give c(-9).
537
Let l(s) = -s**2 + 10*s - 5. Determine l(17).
-124
Let b(m) = m**3 - 18*m**2 + 61*m + 41. Give b(13).
-11
Let g(u) = 71*u**2 + 10*u. Calculate g(-1).
61
Let y(k) = -k**2 + 88*k + 1109. Give y(100).
-91
Let q(g) = -2*g**3 - 2*g**2 + 53*g - 5. Determine q(5).
-40
Let l(z) = 4*z**3 - 77*z**2 - 57*z - 33. Calculate l(20).
27
Let u(l) = -6*l**2 - 58*l - 87. Determine u(-2).
5
Let m(p) = -1014*p + 222071. Give m(219).
5
Let w(z) = 526*z**2 + 17*z + 7. Determine w(-1).
516
Let w(t) = -t**2 + 44*t + 13456. Give w(-96).
16
Let p(c) = -2*c**2 - 26*c + 192. Determine p(-17).
56
Let m(q) = q**3 + 2*q**2 - 39*q + 76. Calculate m(3).
4
Let b(m) = -180*m - 1438. Calculate b(-8).
2
Let w(j) = 515*j + 3656. Calculate w(-7).
51
Let c(h) = -2*h**2 - 48*h - 68. What is c(-22)?
20
Let u(j) = 2*j**3 - 155*j**2 - 97*j + 1422. Give u(78).
-60
Let y(u) = -u**2 - 92*u - 2030. Determine y(-54).
22
Let p(d) = -41*d - 371. Give p(-9).
-2
Let p(o) = -o**2 - 15*o + 58. What is p(-10)?
108
Let o(w) = 33*w + 1691. What is o(-51)?
8
Let t(y) = y**3 + 35*y**2 - 36*y + 69. Give t(-36).
69
Let h(t) = 21*t**2 - 5*t + 9. Calculate h(3).
183
Let d(l) = -l**3 + 8*l**2 - 20*l + 99. Determine d(7).
8
Let c(x) = x**2 - 49*x + 418. Give c(36).
-50
Let m(y) = -y**3 - 36*y**2 - 303*y - 6721. Give m(-33).
11
Let z(k) = 10*k**2 + 226*k + 1140. Determine z(-15).
0
Let h(k) = -17*k**2 - 119*k - 489. Determine h(-4).
-285
Let p(l) = l**2 + 1550*l + 29084. Calculate p(-19).
-5
Let v(f) = -6*f**2 - 86*f - 42. Determine v(-12).
126
Let n(o) = 3*o**2 - 46*o - 145. What is n(-3)?
20
Let p(g) = -g**2 + 16*g + 92. Give p(10).
152
Let j(q) = -9*q**3 + 461*q**2 - 104*q + 97. Give j(51).
-5
Let b(j) = j - 150. Give b(-35).
-185
Let x(p) = -16*p + 612. Determine x(36).
36
Let p(n) = -156*n - 5590. Calculate p(-36).
26
Let a(p) = -107*p + 1921. Calculate a(18).
-5
Let y(p) = -732*p - 78322. Calculate y(-107).
2
Let g(k) = -4*k + 13. Give g(-3).
25
Let f(c) = 11*c**3 - 87*c**2 - 31. What is f(8)?
33
Let b(m) = -m**3 + 16*m**2 - 22*m - 87. Give b(14).
-3
Let n(j) = -4584*j + 82515. Calculate n(18).
3
Let n(r) = 124*r + 2161. Calculate n(-18).
-71
Let z(k) = 69*k + 2568. Calculate z(-37).
15
Let d(i) = -5*i - 75. Give d(-26).
55
Let j(y) = -3*y**3 + 40*y**2 - 48*y + 2. Determine j(12).
2
Let z(m) = 951*m + 75125. Calculate z(-79).
-4
Let p(r) = 6843*r + 54747. Give p(-8).
3
Let n(a) = 98*a - 24. Calculate n(1).
74
Let l(c) = -10*c**2 - 198*c - 30. Determine l(-22).
-514
Let u(k) = k**3 + 5*k**2 + 4*k + 3. What is u(-2)?
7
Let j(c) = c**2 - 13*c + 200. Calculate j(12).
188
Let w(y) = -y**2 - 17. Give w(12).
-161
Let c(q) = -q**3 + 26*q**2 + 46*q - 1155. Calculate c(26).
41
Let l(t) = -t**2 - 100*t - 1240. Give l(-87).
-109
Let j(b) = b**2 + 26*b - 11. Give j(-27).
16
Let j(w) = -w**3 - 2*w**2 + 90*w - 14. What is j(8)?
66
Let o(f) = 3*f**2 - 2. What is o(5)?
73
Let l(x) = -x**2 - 6*x + 175. Determine l(-17).
-12
Let b(i) = 4*i**2 - 68*i - 231. Determine b(19).
-79
Let g(i) = -21*i + 1388. Calculate g(46).
422
Let t(c) = -c**3 + 12*c**2 - 32*c + 74. Determine t(10).
-46
Let h(d) = -d**2 + 137*d - 3962. Calculate h(98).
-140
Let h(o) = -17*o + 999. Determine h(59).
-4
Let b(h) = 19*h**3 - 169*h**2 - 30*h + 110. Give b(9).
2
Let b(x) = x**2 - 14*x - 17. What is b(-5)?
78
Let w(s) = s**3 - 42*s**2 - 339*s - 125. What is w(49)?
71
Let i(r) = -84*r - 740. Give i(-9).
16
Let a(t) = t**3 + 12*t**2 - 653*t + 37. What is a(20)?
-223
Let a(n) = -n**3 - 43*n**2 - 160*n - 157. Give a(-39).
-1
Let r(u) = -u**2 - 21*u + 172. Give r(-29).
-60
Let x(g) = -g**2 + 15*g + 36. Give x(-7).
-118
Let y(v) = 199*v - 197. Give y(1).
2
Let h(a) = -2*a**2 + a + 144. What is h(10)?
-46
Let v(p) = p**2 - 81*p + 1289. What is v(22)?
-9
Let c(i) = -i**2 + 115*i + 20563. Calculate c(-97).
-1
Let g(o) = 42*o + 137. What is g(-5)?
-73
Let t(h) = -12*h + 311. Give t(14).
143
Let t(n) = -3*n**3 + 38*n**2 - 115*n + 18. Determine t(4).
-26
Let c(g) = g**3 - 5*g**2 + 2*g - 35. Calculate c(0).
-35
Let u(t) = -122*t**2 + 5*t - 4. Give u(2).
-482
Let g(q) = 7*q**2 + 12*q + 8. Give g(-6).
188
Let n(p) = -p**3 - 59*p**2 + 1039*p + 1253. Determine n(-73).
12
Let q(d) = -d**2 - 28*d - 10. Calculate q(-25).
65
Let q(s) = -s**3 - 28*s**2 + 33*s + 117. Give q(-29).
1
Let v(y) = -y**2 + 21*y + 605. What is v(38)?
-41
Let f(v) = v**3 - 13*v**2 + 7*v - 30. Give f(13).
61
Let x(h) = 162*h - 490. What is x(3)?
-4
Let m(n) = 3*n**2 + 56*n + 163. Give m(-3).
22
Let n(m) = -m**3 + 8*m**2 + 21*m - 46. Determine n(10).
-36
Let h(v) = 58*v - 2383. Calculate h(41).
-5
Let u(b) = -5488*b - 5489. What is u(-1)?
-1
Let y(t) = -t**2 + 916*t + 12088. Determine y(-13).
11
Let b(r) = -56*r + 150. Calculate b(3).
-18
Let z(l) = 5*l**2 - 137*l + 308. What is z(25)?
8
Let v(t) = 11*t**2 - 123*t + 19. Determine v(11).
-3
Let x(h) = h**3 - 44*h**2 - h + 139. What is x(44)?
95
Let z(l) = -l**2 - 6*l + 138. Calculate z(-15).
3
Let z(x) = -111*x + 8710. Calculate z(78).
52
Let h(o) = -o**2 - 37*o + 884. What is h(-52)?
104
Let b(q) = -48*q**2 - 893*q - 893. Calculate b(-1).
-48
Let c(l) = -5*l**2 + 41*l + 360. Calculate c(-8).
-288
Let s(r) = r**3 + 17*r**2 - 10*r - 87. Determine s(-17).
83
Let u(c) = c**3 - 6*c**2 - 233*c + 1225. What is u(5)?
35
Let j(g) = g**3 - 149*g - 45. Calculate j(-12).
15
Let z(t) = 37*t**2 - 28*t - 31. Calculate z(-1).
34
Let m(j) = -5*j**2 + 6705*j - 13407. What is m(2)?
-17
Let y(i) = -15*i**2 - 49*i + 49. Calculate y(-4).
5
Let u(q) = 215*